a(-10).
0
Let q(n) = -n**2 - 10*n + 5. Calculate q(-8).
21
Let j(b) = -39*b**3 + b**2 - 1. Calculate j(-1).
39
Let o(l) = -4*l - 6. Determine o(-4).
10
Let x(v) = -4*v - 6. Determine x(-6).
18
Let b(q) = 4*q + 29. Calculate b(-11).
-15
Let i(g) = -g**3 + 11*g**2 + 26*g + 4. What is i(13)?
4
Let d(w) = -18*w - 45. What is d(-9)?
117
Let r(n) = 16*n**3 + 6*n**2 - 5*n + 2. What is r(1)?
19
Let r(g) = g**2 + 8*g - 7. Calculate r(-9).
2
Let l(p) = -p - 4. What is l(-5)?
1
Let l(a) = 8*a - 8. Give l(-5).
-48
Let b(a) = a**3 + 29*a**2 + 30*a + 51. Give b(-28).
-5
Let a(y) = -470*y + 3. Give a(0).
3
Let h(l) = 2*l**3 + 3*l**2 + l + 3. Give h(-3).
-27
Let d(l) = l**3 + 13*l**2 - l + 13. Calculate d(-13).
26
Let r(c) = -c**2 - 21*c - 82. Calculate r(-15).
8
Let v(f) = -2*f - 7. Determine v(5).
-17
Let c(i) = -17*i - 6. Give c(2).
-40
Let r(z) = 36*z**3 - 1. What is r(1)?
35
Let t(b) = b**2 + 20*b + 74. Calculate t(-6).
-10
Let q(s) = 2*s - 7. Calculate q(5).
3
Let o(k) = k**3 + 36*k**2 - 3*k - 113. Determine o(-36).
-5
Let p(j) = j**2 - j + 42. What is p(0)?
42
Let c(j) = 29*j + 44. Give c(-2).
-14
Let w(p) = -p**2 + 8*p - 14. Calculate w(6).
-2
Let i(h) = h**2 + 4*h - 49. Give i(-10).
11
Let a(i) = -i**2 + 3*i - 3. Calculate a(4).
-7
Let g(v) = 4*v - 19. Determine g(6).
5
Let w(b) = b**3 - 6*b**2 - b + 4. What is w(6)?
-2
Let m(p) = -4*p - 1. Determine m(6).
-25
Let r(q) = -q**2 - 12*q + 9. Calculate r(-13).
-4
Let g(u) = u + 21. Calculate g(-22).
-1
Let m(t) = 4*t + 33. What is m(-7)?
5
Let w(k) = -26*k**2 - 4*k - 4. Calculate w(-1).
-26
Let l(u) = -2*u**3 - 14*u**2 + 13*u - 12. Calculate l(-8).
12
Let k(n) = n + 13. Calculate k(-4).
9
Let g(y) = 8*y - 25. Calculate g(4).
7
Let o(z) = -z**3 - 13*z**2 - z - 8. Give o(-13).
5
Let d(z) = -10*z**2 + 2*z - 1. Calculate d(1).
-9
Let x(f) = 5*f**2 - 78*f - 34. What is x(16)?
-2
Let z(j) = j**3 + 5*j**2 + j + 3. Calculate z(-4).
15
Let k(a) = a**2 - 16*a + 24. Give k(15).
9
Let h(c) = -c**3 + 17*c**2 - 17*c + 13. Calculate h(16).
-3
Let n(h) = 2*h + 15. Calculate n(-11).
-7
Let p(k) = -3*k - 13. Calculate p(-10).
17
Let g(f) = f**2 + 14*f - 83. Calculate g(4).
-11
Let k(d) = -d**3 + 12*d**2 - 4*d - 8. Give k(12).
-56
Let t(q) = q**2 - 19*q - 100. What is t(23)?
-8
Let q(v) = v - 17. Calculate q(20).
3
Let m(a) = -a**3 - 12*a**2 - 9*a - 2. Give m(-11).
-24
Let q(x) = -36*x + 261. What is q(7)?
9
Let h(u) = u**3 - 10*u**2 + 3*u - 23. Determine h(10).
7
Let g(j) = 2*j**2 - 6*j - 6. Calculate g(4).
2
Let w(x) = -2*x**2 + 10*x + 11. What is w(6)?
-1
Let o(y) = -4*y**2 - 3*y - 3. Give o(-4).
-55
Let s(w) = -44*w - 4. Determine s(-1).
40
Let i(t) = 2*t**2 + 12*t. What is i(-7)?
14
Let v(f) = -8*f**2 - 3*f + 14. Calculate v(3).
-67
Let b(c) = c**2 - 7*c + 7. Give b(3).
-5
Let b(k) = -17*k + 2. Determine b(-1).
19
Let l(m) = m**3 + 2*m**2 - m + 1. Calculate l(0).
1
Let f(a) = -a**3 - 15*a**2 - 26*a + 23. Calculate f(-13).
23
Let p(q) = -q**3 - 10*q**2 - 28*q + 13. Give p(-6).
37
Let i(d) = -46*d**2 - 1. Determine i(1).
-47
Let y(i) = -i**3 + 4*i**2 - 3. Determine y(4).
-3
Let x(u) = u**3 + 3*u**2 - 2*u + 2. Calculate x(-2).
10
Let q(i) = 2*i**2 + 4*i - 58. Calculate q(-7).
12
Let c(y) = 16*y + 13. Determine c(3).
61
Let b(f) = -9*f**3. What is b(1)?
-9
Let y(r) = 11*r - 11. Determine y(6).
55
Let q(o) = 144*o**3 + o**2 + o. Give q(-1).
-144
Let f(c) = 12*c - 277. Determine f(26).
35
Let w(s) = -s**3 - 23*s**2 - 23*s - 33. Calculate w(-22).
-11
Let y(h) = -10*h**3 - 2*h**2 + 2*h - 1. Calculate y(1).
-11
Let o(m) = -7*m + 159. Determine o(20).
19
Let n(m) = -m**2 - 11*m + 8. Give n(4).
-52
Let b(w) = 15*w + 9. What is b(-4)?
-51
Let t(o) = 2*o**2 - 6*o - 7. Give t(4).
1
Let x(t) = 27*t**2 - 5*t - 4. Give x(-1).
28
Let g(u) = u + 9. Determine g(-5).
4
Let g(j) = j - 7. Give g(5).
-2
Let k(m) = -m. What is k(10)?
-10
Let n(w) = -w**3 - 11*w**2 + 24*w - 17. Calculate n(-13).
9
Let p(g) = -g**2 - 4*g + 141. Determine p(10).
1
Let i(f) = -3*f + 28. Calculate i(-7).
49
Let x(o) = -o**3 - 8*o**2 + 9*o + 43. Give x(-7).
-69
Let h(n) = -14*n - 85. Give h(-14).
111
Let v(a) = 4*a + 24. Calculate v(-4).
8
Let m(f) = -f**3 + 63*f**2 - 180*f + 5. Calculate m(60).
5
Let s(g) = -3*g - 10. What is s(-11)?
23
Let k(v) = -6*v**2 + 4*v - 2. What is k(2)?
-18
Let v(u) = 2*u**3 + 14*u**2 - 35*u + 11. What is v(-9)?
2
Let d(b) = b - 32. Give d(0).
-32
Let q(a) = -57*a + 8. Give q(-2).
122
Let j(d) = -d**3 + 8*d**2 + 11*d - 9. What is j(9)?
9
Let h(f) = -6*f + 6. Calculate h(2).
-6
Let r(l) = l**3 + 5*l**2 + 13*l + 27. Calculate r(-6).
-87
Let c(s) = -2*s - 30. Calculate c(-14).
-2
Let y(x) = 3*x**2. What is y(-5)?
75
Let c(x) = -16*x**2 - 2*x + 2. Give c(1).
-16
Let j(n) = 62*n - 379. Determine j(6).
-7
Let k(b) = 2*b**2 + 73*b - 106. Calculate k(-38).
8
Let r(z) = -17*z + 256. Calculate r(15).
1
Let p(c) = 3*c**2 + 16*c - 49. Give p(4).
63
Let p(o) = o**3 + 35*o**2 + 95*o - 34. Give p(-32).
-2
Let c(q) = q**3 - 25*q**2 + 3*q - 68. Determine c(25).
7
Let k(h) = 2*h + 90. Determine k(-39).
12
Let m(v) = -46*v**2 + v - 1. Determine m(1).
-46
Let v(b) = -b**2 - 10*b - 8. Give v(-7).
13
Let y(s) = s**3 + 36*s**2 + 36*s + 39. What is y(-35)?
4
Let s(o) = o**3 + 47*o**2 - 49*o - 37. Calculate s(-48).
11
Let r(w) = -15*w + 1. Determine r(0).
1
Let r(f) = -f - 1. What is r(-6)?
5
Let x(s) = 2*s**3 - 14*s**2 + s + 6. Give x(7).
13
Let h(i) = i**2 + 14*i + 48. Give h(-14).
48
Let q(a) = a**2 - 5*a + 8. Determine q(3).
2
Let t(r) = r**3 - 20*r**2 - 2*r - 35. Calculate t(20).
-75
Let o(f) = 11*f**2 - 3*f + 3. What is o(3)?
93
Let l(o) = 3*o**2 - 4*o + 4. Give l(5).
59
Let l(v) = -v**3 - 5*v**2 - 3. What is l(-5)?
-3
Let x(n) = n**2 + 8*n - 8. Calculate x(-10).
12
Let c(n) = -7*n + 63. Give c(6).
21
Let y(a) = 3*a + 37. Calculate y(-5).
22
Let l(i) = i**3 + 5*i**2 - 6*i - 13. Determine l(-6).
-13
Let n(t) = -29*t - 55. Calculate n(-9).
206
Let a(r) = -r**3 - 23*r**2 - 43*r - 30. What is a(-21)?
-9
Let o(d) = d**3 + 14*d**2 + 2*d + 13. Determine o(-14).
-15
Let s(b) = 28*b - 1. Give s(1).
27
Let p(l) = -2*l - 9. Give p(5).
-19
Let r(l) = 26*l - 241. Determine r(9).
-7
Let m(f) = -22*f**2 - 20*f - 1. What is m(-1)?
-3
Let l(r) = 3*r - 30. Give l(13).
9
Let v(i) = -71*i**3 + i**2 + i + 1. What is v(-1)?
72
Let n(g) = 17*g + 88. Calculate n(-6).
-14
Let m(g) = 17*g**2. What is m(1)?
17
Let q(t) = -t**2 - 9*t - 11. Give q(-8).
-3
Let k(u) = 6*u - 231. Calculate k(40).
9
Let i(o) = 4*o**2 + 4*o + 6. Calculate i(-3).
30
Let r(l) = -l**2 - 20*l + 20. Calculate r(-21).
-1
Let k(t) = t**3 + 6*t**2 - 7*t - 57. Determine k(-5).
3
Let z(b) = b**2 - 2*b - 10. Determine z(0).
-10
Let v(z) = -16*z + 95. What is v(6)?
-1
Let i(l) = l**2 - 37*l + 98. Give i(34).
-4
Let h(k) = k**3 + 32*k**2 + 31*k - 6. What is h(-31)?
-6
Let a(g) = g - 3. What is a(5)?
2
Let o(r) = -r**3 - 10*r**2 + 40*r - 6. Give o(-13).
-19
Let t(m) = 2*m**2 - 56*m + 107. Determine t(2).
3
Let t(x) = x**3 + 17*x**2 + 22*x + 9. What is t(-15)?
129
Let r(j) = -4*j**2 - 6*j - 16. Calculate r(-3).
-34
Let k(i) = -5*i - 32. What is k(-10)?
18
Let r(n) = -9*n + 7. Determine r(0).
7
Let y(g) = -g**3 + 24*g**2 - 66*g + 62. Determine y(21).
-1
Let c(u) = u**3 - 49*u**2 + 222*u - 80. Determine c(44).
8
Let f(c) = -9*c + 122. Give f(14).
-4
Let y(l) = -l**3 - l**2 - l - 3. Calculate y(0).
-3
Let j(k) = -k**3 - 5*k**2 + 8*k - 3. Give j(-6).
-15
Let s(r) = -r**3 - 10*r**2 + 24*r - 11. Calculate s(-12).
-11
Let a(m) = m**3 - 7*m**2 - 3*m - 10. Determine a(8).
30
Let m(q) = -16*q + 142. Calculate m(9).
-2
Let g(t) = 38*t**2 - 14*t + 14. What is g(1)?
38
Let c(f) = f**2 - 3*f - 5. Determine c(-1).
-1
Let f(k) = -k**3 - 14*k**2 - k - 15. Calculate f(-14).
-1
Let y(q) = 12*q - 121. Calculate y(12).
23
Let c(a) = -2*a**2 + 20*a + 16. What is c(11)?
-6
Let u(n) = -n + 18. Calculate u(18).
0
Let u(h) = h**3 - 11*h**2 - 10*h - 9. Determine u(12).
15
Let p(v) = -v**3 - 5*v**2 - 4*v - 2. What is p(-4)?
-2
Let t(g) = g**2 - 14*g + 25. What is t(11)?
-8
Let u(v) = -2*v**2 - 32*v - 25. Calculate u(-15).
5
Let k(z) = -2*z + 6. Calculate k(0).
6
Let i(u) = u**3 - 3*u**2 + 6*u - 8. Give i(4).
32
Let o(h) = -h**3 + 32*h**2 - 31*h + 7. What is o(31)?
7
Let a(n) = -n**3 + 10*n**2 + 9*n + 16. What is a(11)?
-6
Let y(c) = -15*c - 51